= q, -3*g = -2*g + 3*o - 13. What is the units digit of g?
1
Let u(h) = 3*h**2 + 5*h + 2. Let v be u(-3). Let s = v + -4. What is the tens digit of s?
1
Suppose 22 = 4*d + b, 2*d + 3*b + 1 = 7. Suppose t - 2*t = -d. Suppose 4*r - 2 = t. What is the units digit of r?
2
Let h(n) = -n + 12. Suppose 0 = 5*c - 0*c - 35. What is the units digit of h(c)?
5
Let u be (-2)/3 + 8/3. Suppose -4 = -u*q - 2*x, 5*q + 3*x - 1 = 5. Let r(z) = -z + 7. What is the units digit of r(q)?
7
Suppose -2*b - 8*r = -3*r - 8, 0 = 3*r. Suppose x - b = 14. Suppose 2 = 5*k - x. What is the units digit of k?
4
Let q(m) = -m + 12. Let u be q(6). Suppose 2*b = 5*b - u. What is the units digit of b?
2
Let k(o) = 0*o - 1 - 4*o + 3*o - 2*o. Let b be k(1). What is the units digit of 3 + b - (-16 + 2)?
3
Let b = 27 + -7. Suppose 0 = -3*o + 2 - b. Let d(l) = -l**2 - 7*l - 1. What is the units digit of d(o)?
5
Let i(y) = y**2 + 2*y - 1. Let k be i(2). Suppose 11*g - k*g = 136. What is the tens digit of g?
3
Suppose -27*c + 26*c + 67 = 0. What is the tens digit of c?
6
What is the hundreds digit of (-666)/(-6) - -4 - 1*-3?
1
Let m(s) = s**3 + 3*s**2 - 2*s - 3. Let j be m(-3). Suppose 2*x - 5 = 5*z + 22, -x - z = -j. Let v = -3 + x. What is the units digit of v?
3
Let j(b) = -b**3 - 7*b**2 + 9*b - 1. What is the units digit of j(-9)?
0
What is the tens digit of ((-1)/(-3))/(9/1863)?
6
Suppose 0 = 5*s - 29 + 9. Suppose -s*q + 225 = 17. What is the units digit of q?
2
Let q be 1*3/(-6)*30. Let r = 11 + q. What is the units digit of r/18 - 238/(-18)?
3
Suppose 2*v + 249 = 5*v + 4*u, 5*u + 102 = v. Suppose -5*p + 200 = -x, -2*p - 2*x + v = -x. What is the units digit of p?
1
Let a(i) = -i**2 + 12*i + 2. Let s be a(12). What is the units digit of (1 + s)/((-15)/(-25))?
5
Let p(u) = 2*u - 2. Let j be p(2). Let m be 0/((-1)/((-1)/j)). Suppose -3*z - 3*x - 9 = 0, z + m*x - 22 = 4*x. What is the units digit of z?
2
Let j(g) = -21*g + 7. Let i(d) = d + 1. Let y(k) = 6*i(k) - j(k). What is the units digit of y(1)?
6
Let q(u) = -u**2 + 5*u + 2. Let o be q(5). What is the tens digit of -3 + -1 - -21 - o?
1
What is the units digit of 1*2 + (-1)/2*-46?
5
Let f = 10 + -14. Let m = f + 12. What is the units digit of m?
8
Let n = 8 + -18. What is the units digit of (n/(-3))/(4/66)?
5
What is the tens digit of (4 - 25/10)*86?
2
Let c = -4 - -8. What is the units digit of 8/3 + c/(-6)?
2
Suppose 4*j - 7*j = 60. Let q = -14 - j. What is the units digit of q?
6
Let a(r) = r - 1. Let l be a(1). Suppose 0 = -b - l*b - 4*f + 19, 3*f - 24 = -4*b. Suppose b*q = -q + 40. What is the tens digit of q?
1
Suppose -4*w + 205 + 90 = r, -2*r + 290 = 4*w. What is the tens digit of w?
7
Suppose 8 = -2*u - 2*j - 6, -2*j - 10 = 0. What is the units digit of (-21*4)/(-3) - u?
0
Let k = 231 + -47. What is the hundreds digit of k?
1
Let u = -23 - 1. What is the tens digit of (-3)/4 + (-834)/u?
3
Suppose 339 = -4*w - 3*s + 973, -5*w = -s - 802. What is the units digit of w?
0
Let p(x) = -x**2 + 8*x + 11. Let o be p(8). Suppose 3 - o = -4*w. What is the units digit of w?
2
Suppose 3*w - 45 = -4*k, -2*k + 2*w = -66 + 26. Let b = -3 + k. What is the units digit of b?
2
Suppose y + 12 = 4*y. Suppose 0 = 6*w - 5*w - y. What is the units digit of w?
4
Let c = 40 + -28. Let p = -5 + c. What is the units digit of p?
7
Suppose 0 = -3*d + 4 - 1. Let f = 2 + d. Suppose -2*a = -2*p - 20, a + f*p = 5 + 9. What is the units digit of a?
1
Suppose -130 = -5*g + 200. What is the units digit of g?
6
Suppose 2*b + 5*k = 8 + 53, 0 = 5*b - 3*k - 230. What is the units digit of b?
3
Let x = -190 + 347. What is the tens digit of x?
5
Suppose r = -0*r + 23. What is the units digit of r?
3
Let s = 7 + -11. What is the units digit of -12*((-48)/(-9))/s?
6
Suppose -3*q + 4 + 29 = 0. Suppose -2*z = -4*z + 4. Let r = q - z. What is the units digit of r?
9
Suppose 2*y + 0*y + 10 = 0. Let t(d) = -2*d + 8. What is the tens digit of t(y)?
1
Suppose 0 = a - 31 - 0. What is the tens digit of a + (2 + -1)*-3?
2
Let m = 48 + -45. What is the units digit of m?
3
Let i(p) = -2*p - 1. Let y be i(-1). Let c be (1 - -1)*(2 - y). Suppose -5 + 3 = -c*u. What is the units digit of u?
1
Let i(k) = -k**2 - 5*k + 9. Let v(m) = 2*m**2 + 4*m - 10. Let l(g) = 3*i(g) + 2*v(g). What is the units digit of l(7)?
7
Suppose 3*x - 2*x - 4*q - 12 = 0, q = -5*x + 18. Let z be 2 - (5 - (x + -1)). Let s = z + 8. What is the units digit of s?
8
Let a(y) = y**3 - 5*y**2 + 3*y - 6. Let s be a(5). Let t = s - 2. What is the units digit of t?
7
Suppose -5*l = -m + 4 + 2, -5*m = -5*l - 50. What is the units digit of m?
1
Suppose 137 = 4*t - 71. What is the units digit of t?
2
Let o(y) = -4*y**3 + 2*y**2 - 4*y + 3. Let m be o(2). Let w = 42 + m. What is the units digit of w?
3
What is the units digit of 61 + 8/(-4) + -1?
8
Let u = 84 + -16. Suppose z - u = -z. What is the tens digit of z?
3
Suppose -5*w + 2*h = -6, -2*w - 3*h = -3*w - 4. Suppose -5*v - 4*u + 5 = 0, 25 = -3*u - w*u. Suppose -k - 3 = -v. What is the units digit of k?
2
Let q(i) = i**2 + 2*i - 3. Let p be q(2). Suppose 0*j - p = -4*s - j, -3 = j. What is the units digit of (-1)/s + 38/4?
9
Suppose 3*a + a - 239 = -h, -235 = -4*a - 5*h. What is the units digit of (-3 + 51/15)*a?
4
Let r = 18 - -10. Let p = r - 16. What is the units digit of p?
2
Let y be (-10)/2*12/10. Let i be y/8 - 3/12. What is the units digit of (-7 + 8)/(i/(-2))?
2
Suppose 0 = -5*p + p + 8. Suppose -5*x - p*n + 42 = -0*n, -3*x = -n - 34. What is the units digit of x?
0
Let d be (-13)/(-1) + 0 + 0. Suppose -8*k + d*k = 135. What is the units digit of k?
7
Let f(a) = -67*a**3 + 4*a + 3. Let g be f(-2). Let b be g/(-15) + 2/5. Let x = b + 49. What is the tens digit of x?
1
What is the units digit of (16*-3)/(24/(-32))?
4
Suppose -255 - 87 = -9*d. What is the units digit of d?
8
Let x(c) = 2*c - 5. What is the units digit of x(11)?
7
Let g(l) = l**3 - 9*l**2 + 6. Let v = 32 + -23. Let a be g(v). What is the units digit of (a/(-5))/((-4)/10)?
3
Suppose -v + 2 = 0, -4*w + 2*v + 291 = -205. What is the hundreds digit of w?
1
Let l = -55 + 31. Let r = l - -25. What is the units digit of r?
1
Let v be 24/10 - (-4)/(-10). Let q be (-19)/(-3) + v/(-6). Suppose 4*i - 17 = q*u - 5*u, -10 = -3*i - 2*u. What is the units digit of i?
4
What is the hundreds digit of (-5)/(30/(-16))*(-1926)/(-24)?
2
Suppose 30 = 4*m - 2*b, 3*m + 2*b - 24 = 3*b. Let i be (-4 - -1)*60/(-9). Let u = i - m. What is the tens digit of u?
1
Suppose 24 = s + s. Suppose 3*k - k = s. What is the units digit of k?
6
Let z(i) = -i**3 + 7*i**2 - 5*i + 6. Let c be z(6). What is the units digit of (-17)/(-2) + (-6)/c?
8
Let m = 67 - 30. What is the tens digit of m?
3
Let z be (-2)/8 + 45/(-12). Let l(a) = a + 3. Let t be l(z). What is the units digit of (10 - 2) + t - -3?
0
Suppose -2*g = -z + 4, 2*z - 6 = z + g. What is the units digit of z?
8
Let w be (6/(-24) + (-2)/8)*2. Suppose -3*r + 4*n + 29 = 2*n, -3*r + n = -25. Let j = r - w. What is the units digit of j?
8
Let g be -10*(6/2)/(-6). Let a(k) = k**2 + 5*k + 12. Let h(y) = y**2 + 4*y + 13. Let w(t) = g*h(t) - 6*a(t). What is the units digit of w(-9)?
2
Let f be ((-14)/(-21))/(1/(-15)). Let z = 12 - f. What is the units digit of z?
2
Let x(u) = u**3 + 12*u**2 - 2*u + 2. What is the tens digit of x(-12)?
2
Suppose -6*p = -4*p + 18. Let m = p + 18. What is the units digit of m?
9
Suppose 4*q + 0*q - 4*k = 12, -9 = 5*q + 3*k. Suppose l + 4*l = q. Suppose 3*v + 3*b - 9 = l, -2*v - b + 15 = 2*v. What is the units digit of v?
4
Suppose -2*n - 5*j = -26 + 8, -n = -j + 5. Let h = n - 0. What is the units digit of (14/4)/(h/(-2))?
7
Let r(b) be the first derivative of -b**3/3 - 7*b**2/2 + 11*b + 2. Let t be r(-8). Suppose 19 = z - t. What is the tens digit of z?
2
Suppose 0 = u + 3*u - 2*n - 18, 12 = 2*u + 2*n. What is the units digit of u?
5
Let z = 102 + 30. Suppose 9*j - z = 5*j. What is the tens digit of j?
3
Suppose -12 = -3*t + 2*d, -2*t = -2*d + 5*d + 5. Suppose -20 = -t*s + f + 4*f, -3*s - 5*f + 55 = 0. What is the tens digit of s?
1
Suppose -2*y + 3*f + 145 = 3*y, 3*y = 3*f + 87. Suppose -79 + y = -2*d. What is the tens digit of d?
2
Let p(i) = i + 17. Let u(q) = -1. Let h(m) = p(m) + 6*u(m). Suppose l - 7 = w, 0*l = 4*w - l + 34. What is the units 